Let y be 6/(-4)*s/(-18). Suppose -z + 2*z - i = 14, y*z = -i + 31. Is z a prime number?
False
Let b = 38 - 34. Suppose b*n = 2*n + 110. Let y = n - -412. Is y a prime number?
True
Is (1191 + -2)/(1/1) prime?
False
Suppose -12*f + 7*f - 3*n + 43183 = 0, 0 = 3*f - 4*n - 25933. Is f composite?
True
Let v be (-6)/(-4)*(0 - 57260/(-15)). Suppose 0 = -9*m - v + 17867. Is m prime?
False
Let x = -21 - 1. Let u = -18 + 28. Is (u/(-3))/(x/231) a composite number?
True
Let o(i) = i**3 + 9*i**2 - 11*i - 6. Let m be o(-9). Let p = -19 + m. Is p prime?
False
Let r be 2/(-2) + 0 + (-864)/(-9). Suppose r*z = 94*z + 1059. Is z prime?
False
Let x(w) = 16*w - 13. Let i be (-414)/(-24) + (-3)/12. Is x(i) a prime number?
False
Let d(x) = 7*x**2 + 26*x - 18. Let v be d(15). Suppose -2*s + v = s. Is s prime?
False
Let y = -1161 - -702. Let r = y + 2306. Is r prime?
True
Let w = -589 - -826. Let b = 685 + w. Suppose -5*s + 1555 = -2*h, -3*s = -h + 2*h - b. Is s prime?
False
Let f be (-2)/(-7) + 38745/49. Suppose -z - 3*c = -716, -3*c + 81 = -z + f. Is z a composite number?
True
Suppose 0 = 5*k - 0*k - 10. Suppose -5*r - 6*f = -3*f + 14, 2*r - k*f + 12 = 0. Is 120 - (r/2 + 0) a prime number?
False
Is ((-4)/13)/2 + (-474000)/(-130) composite?
True
Suppose 0 = 2*a + n + 92, -2*a + n - 36 = 64. Let u = 69 + a. Is u a prime number?
False
Suppose 45*s = 53*s - 387656. Is s a prime number?
False
Let k(a) = 3417*a + 122. Is k(7) composite?
True
Let r(i) = 84*i**2 + i + 21. Let w be r(9). Suppose w = 7*k + 877. Is k a prime number?
False
Let p = 108117 - 53756. Is p a prime number?
True
Let k(s) be the first derivative of -s**4/4 - 4*s**3/3 - 2. Let w be k(-4). Is 111/(w + (-9)/(-6)) a composite number?
True
Suppose -6*u + 9184 + 34946 = 0. Is u a prime number?
False
Let c = 1105 - 402. Is c a composite number?
True
Let a = 71 + -12. Suppose 631 = 2*c + q, -1 = 2*q + 1. Let p = c - a. Is p prime?
True
Let u = -242 - -346. Suppose -591 = 11*t - 206. Let n = u - t. Is n a prime number?
True
Suppose -5*j - 33 = -3*w - 0*w, 4*j + 28 = 4*w. Suppose -5 = -o - 1. Is 1071/j*o/(-6) a prime number?
False
Suppose -5*l + 6302 = 3*q + 1851, l + 4*q = 897. Is l a prime number?
False
Suppose -5*t + 9*t = 560. Suppose u - t = -5*j + 343, -3*u - 6 = 0. Is j prime?
True
Suppose 0 = 3*a - 7*a + 1088. Suppose u - 739 = a. Is u a composite number?
True
Suppose 4*f - 5*c = -7, 2 + 4 = 2*c. Suppose -3*y - 4*y = -245. Let r = f + y. Is r a prime number?
True
Suppose -2*z = -3*k + 191, 4*k = -3*z - z + 228. Let s = 158 - k. Is s composite?
False
Suppose 12895 = 5*s + 5*v, -9*v + 14*v = 0. Is s a prime number?
True
Suppose 2*m + 12 = 8*m. Is (895/2 + -4)*m prime?
True
Is 740432/1056 - ((-7)/(-6) + -1) composite?
False
Suppose 14 + 22 = 9*i. Let j(h) = 15*h**3 + 5*h - 1. Is j(i) a composite number?
True
Suppose -4 + 0 = -2*n. Let j(q) = 3*q**2 - 5*q**n + 19 - 4. Is j(0) a prime number?
False
Suppose -3*b - 2*b - 19 = -2*w, 3*w - 6 = 0. Let c be -14*(3 + 16/(-4)). Let x = b + c. Is x composite?
False
Suppose 39 + 6 = -5*h. Is ((-6)/h)/(-2*2/(-138)) a prime number?
True
Suppose 5*i - 60027 = 4*y, 121*i - 116*i - 60041 = -3*y. Is i composite?
False
Let v = -48 - -36. Let x(f) = 2*f**2 - 6*f - 29. Is x(v) composite?
False
Suppose 0 = -2*u - 5*u + 833. Suppose 4*a - 5*y + 2*y = 259, -2*a + 5*y + u = 0. Is a prime?
True
Is ((-53)/(-3))/((-2)/(-366)) prime?
False
Let z = 39080 + -16361. Is z composite?
True
Is ((-8)/((-72)/1344159))/(-2 + 3) prime?
True
Let p(s) = 8*s**2 + 2*s + 11. Let j be -5 + (0 - (0 + 4)). Is p(j) prime?
True
Let o be 35762/10 - 8/(-10). Suppose -5*y = 2*y - o. Is y/9 + 18/81 a prime number?
False
Let n = 12097 - 6540. Is n prime?
True
Let h(x) = -576*x - 179. Is h(-21) prime?
False
Suppose 4*o - 3*b = 18881, 5*b - 5984 + 24863 = 4*o. Is o prime?
True
Let b be -3*(-1)/(-5) - (-46)/10. Suppose 0 = -2*u + b*u - 1282. Is u prime?
True
Let x(z) = -z**3 + 36*z**2 + 80*z + 42. Is x(31) a prime number?
False
Let k(o) = -5*o - 7. Let c(h) = -4*h - 6. Let b(a) = -4*c(a) + 3*k(a). Let g be b(0). Is 2345/(-20)*(-1 - g) composite?
True
Is 84371/3 + 114/(-171) prime?
True
Let i be (1 - (4 + -1)) + (0 - -5). Let k(j) = 91*j - 4. Is k(i) a prime number?
True
Let g = 14701 - 8922. Is g composite?
False
Suppose 3*b = 3*y + 21, 3*y = -b + 2*b - 15. Suppose -q + 1019 = 5*f, -2*q = b*f - 4*f - 2016. Is q a prime number?
True
Suppose h + x = -x, 5*x = -3*h. Is 555 + (1 - 5) + h composite?
True
Let o(p) = p**3 + 3*p**2 - 295*p - 62. Is o(43) a composite number?
False
Let p(s) = s - 13. Let k be p(16). Let f be -1 - (-3 + 0) - k. Is (-157)/f + (6 - 4) a prime number?
False
Suppose 3246 = 2*y + u, -y + 6*y - u = 8101. Is y composite?
False
Suppose p = -3 - 1. Let r be ((-28)/6)/(p/456). Suppose -125 + r = j. Is j a composite number?
True
Suppose -56*l = -55*l - 408. Suppose 0 = -k + 1597 + l. Is k composite?
True
Is (1/3)/(-1 - 171080/(-171066)) prime?
True
Let w = 14 - 11. Suppose k + w = 0, 5*p + k - 2294 = -792. Is p a prime number?
False
Suppose 5*k - 2*k = -4*a + 29, 4*k - 4*a = 48. Suppose -f = -2*r, -3*f + 0*r - 5*r = -k. Is f prime?
True
Suppose -5523 = 3*w - 25122. Is w a prime number?
False
Suppose -44*g = -45*g + 2029. Is g a prime number?
True
Suppose -4*s - 2396 = -7*s + k, 4*k + 4005 = 5*s. Is s a composite number?
False
Suppose -333 + 1043 = 2*d. Let j be 47690/209 - 2/11. Let q = d - j. Is q composite?
False
Suppose -f + 5*v - 10 = 0, 0 = 3*f + 5*v - 31 + 1. Suppose 5*i + 10 = 0, 48 + 14 = 2*t + f*i. Is 8/t + (-3650)/(-18) composite?
True
Suppose r + 2*r + 2*i - 89021 = 0, 0 = -2*i - 10. Is r a composite number?
True
Suppose 0 = 5*v - 2*l - 7, v - 1 - 6 = -l. Suppose 5 = 2*s - s. Suppose c + c = s*z + 242, 0 = -4*c - v*z + 536. Is c a composite number?
False
Suppose 32*h = 30*h + 2*r + 80068, 0 = -5*r - 15. Is h a prime number?
True
Let w(g) = 3 - 5 - 2 + 19*g. Let y = -7 + 10. Is w(y) composite?
False
Suppose -30620 = 4*z - 5*y, 3*z + 0*z + 4*y + 22996 = 0. Let o = -4301 - z. Is o composite?
False
Let j(n) = n**2 - 3*n - 3. Let r be j(3). Let m be (-2)/r + 5/15. Is 0 - (-154 + m + -4) composite?
False
Let t(m) = 782*m - 353. Is t(5) a prime number?
True
Let r = -14 - -5. Let o be (-201)/r*3*9. Is 2/(-5) + o/45 a composite number?
False
Suppose -4*w + 5 = -11. Suppose 5*r - 1602 = -w*r. Is r composite?
True
Is ((-3)/(-2))/(-12 - (-32072)/2672) prime?
False
Suppose -4*p - 12 = 0, 4738 = 3*l + 4*p - 98537. Is l a composite number?
False
Suppose -6*o + 4147 = 1153. Suppose -o = -9*z + 23. Is z a composite number?
True
Suppose 15*a - 3 = 14*a. Suppose -9750 = 2*v - 7*v + 5*l, -2*v = a*l - 3895. Is v a prime number?
True
Suppose 8*m - 10*m - 52 = 0. Is (-2)/13 + (-2370)/m composite?
True
Let z = 6784 + -1504. Is 1/(z/(-5283) - (-3 + 2)) prime?
False
Let r(s) = -s**2 - 11*s + 18. Let i be r(-12). Suppose -7*c + i*c = -899. Is c composite?
True
Suppose o - 1542 = -n, 4*o - n = 3*n + 6160. Is o a prime number?
False
Suppose -243 = -x + 440. Is x a prime number?
True
Let a(c) be the second derivative of 9*c**5/5 - c**4/6 + c**3 - 5*c**2/2 - 3*c. Is a(2) prime?
False
Let b be ((-54)/(-12))/((-2)/(-172)). Let t = -133 + b. Is t a composite number?
True
Let t = -322 + 6561. Is t prime?
False
Is (-333)/63 + 5 - 47310/(-14) composite?
True
Suppose -3*i - 26 = -h, 10 = -13*h + 14*h + 5*i. Let u = 213 - -66. Suppose 4*l = 3*l + 5*w + u, 5*w = -h. Is l composite?
True
Suppose 4*h + 4*a = -36, -h = -6*h + 2*a - 24. Let v(x) be the third derivative of -11*x**4/12 + x**3/3 - 4*x**2 - 2*x. Is v(h) composite?
True
Suppose -v + 59 = -5*n, 3*v + 0 = -n - 15. Let d(b) = -b**2 - 30*b + 7. Is d(n) composite?
False
Let w(j) = 25*j + 18*j - 42*j - 10. Let s be w(14). Is 248 + (s - 0) + 1 composite?
True
Let x = 885 + 6904. Is x a composite number?
False
Let a = -12355 + 20666. Is a composite?
False
Let f(x) be the first derivative of 77*x**2/2 + 14*x + 2. Let d = -82 - -89. Is f(d) prime?
False
Suppose 2*c = -5*u + 13931, 0 = -6*c + 7*c - 4*u - 6933. Is c a prime number?
False
Let m be (0 - 1)/((-5)/20). Suppose -4*v + 48 = -m*z, -9 = -2*z + 3*z + 2*v. Let t(p) = -p**3 - 12*p**2 - 15*p - 11. Is t(z) composite?
True
Let b = 10 - 25. Let m = b + 334. Is m prime?
False
Let l(i) = i + 2903. Suppose -2*m = -4*m + 5*n - 15, 